{"id":3,"date":"2022-08-11T15:39:52","date_gmt":"2022-08-11T15:39:52","guid":{"rendered":"https:\/\/ecosiembra.co\/?page_id=3"},"modified":"2024-12-18T18:10:52","modified_gmt":"2024-12-18T18:10:52","slug":"privacy-policy","status":"publish","type":"page","link":"https:\/\/ecosiembra.co\/?page_id=3&lang=es","title":{"rendered":"Pol\u00edtica de Tratamiento de Datos"},"content":{"rendered":"<p>El objetivo de la presente Pol\u00edtica es garantizar el adecuado cumplimiento de la Ley 1581 de 2012 y el Decreto 1377 de 2013, junto con las medidas t\u00e9cnicas, humanas y administrativas implementadas, as\u00ed como la definici\u00f3n de los lineamientos para la atenci\u00f3n de consultas y reclamos de los Titulares de los Datos Personales sobre los que las Compa\u00f1\u00edas realizan alg\u00fan tipo de Tratamiento.&nbsp;<\/p><p><strong>Responsable: <\/strong>ECOSIEMBRA S.A.S identificada con NIT 900.513.473 actuar\u00e1 como responsable, para la recolecci\u00f3n, almacenamiento, uso, procesamiento, actualizaci\u00f3n, circulaci\u00f3n, supresi\u00f3n, transferencia, transmisi\u00f3n y, en general, cualquier operaci\u00f3n o conjunto de operaciones en y sobre sus Datos Personales, entendidos como cualquier informaci\u00f3n vinculada o que pueda asociarse a usted como Titular.&nbsp;&nbsp;<\/p><p>Todos los Colaboradores de ECOSIEMBRA deber\u00e1n observar, respetar, cumplir y hacer cumplir esta Pol\u00edtica en el desarrollo de sus funciones.&nbsp; Al momento de efectuar el Tratamiento de los Datos Personales, la compa\u00f1\u00eda en su calidad de responsable de la informaci\u00f3n obtendr\u00e1 el consentimiento del Titular, el cual en todo caso deber\u00e1 ser previo, expreso e informado.&nbsp;<\/p><p><strong>Definiciones:<\/strong><\/p><ul class=\"wp-block-list\"><li>Autorizaci\u00f3n: Consentimiento previo, expreso e informado del Titular para llevar a cabo el Tratamiento de datos personales;<\/li>\n\n<li>Base de Datos: Conjunto organizado de datos personales que sea objeto de Tratamiento;&nbsp;<\/li>\n\n<li>Dato personal: Cualquier informaci\u00f3n vinculada o que pueda asociarse a una o varias personas naturales determinadas o determinables;<\/li>\n\n<li>Encargado: Persona natural o jur\u00eddica, p\u00fablica o privada, que por s\u00ed misma o en asocio con otros, realice el Tratamiento de datos personales por cuenta del Responsable del Tratamiento;<\/li>\n\n<li>Responsable: Persona natural o jur\u00eddica, p\u00fablica o privada, que por s\u00ed misma o en asocio con otros, decida sobre la base de datos y\/o el Tratamiento de los datos;<\/li>\n\n<li>Titular: Persona natural cuyos datos personales sean objeto de Tratamiento;<\/li>\n\n<li>Tratamiento: Cualquier operaci\u00f3n o conjunto de operaciones sobre datos personales, tales como la recolecci\u00f3n, almacenamiento, uso, circulaci\u00f3n o supresi\u00f3n.<\/li>\n\n<li>Principio de legalidad: El Tratamiento de datos personales es una actividad reglada que debe sujetarse a lo establecido en la ley y en las dem\u00e1s disposiciones que la desarrollen;<\/li>\n\n<li>Principio de finalidad: El Tratamiento debe obedecer a una finalidad leg\u00edtima de acuerdo con la Constituci\u00f3n y la Ley, la cual debe ser informada al Titular;<\/li>\n\n<li>Principio de libertad: El Tratamiento s\u00f3lo puede ejercerse con el consentimiento, previo, expreso e informado del Titular. Los datos personales no podr\u00e1n ser obtenidos o divulgados sin previa autorizaci\u00f3n, o en ausencia de mandato legal o judicial que releve el consentimiento;<\/li>\n\n<li>Principio de veracidad o calidad: La informaci\u00f3n sujeta a Tratamiento debe ser veraz, completa, exacta, actualizada, comprobable y comprensible. Se proh\u00edbe el Tratamiento de datos parciales, incompletos, fraccionados o que induzcan a error;<\/li>\n\n<li>Principio de transparencia: En el Tratamiento debe garantizarse el derecho del Titular a obtener del Responsable del Tratamiento o del Encargado del Tratamiento, en cualquier momento y sin restricciones, informaci\u00f3n acerca de la existencia de datos que le conciernan;<\/li>\n\n<li>Principio de acceso y circulaci\u00f3n restringida: El Tratamiento se sujeta a los l\u00edmites que se derivan de la naturaleza de los datos personales, de las disposiciones de la ley y la Constituci\u00f3n. En este sentido, el Tratamiento s\u00f3lo podr\u00e1 hacerse por personas autorizadas por el Titular y\/o por las personas previstas en la ley.<\/li>\n\n<li>Los datos personales, salvo la informaci\u00f3n p\u00fablica, no podr\u00e1n estar disponibles en Internet u otros medios de divulgaci\u00f3n o comunicaci\u00f3n masiva, salvo que el acceso sea t\u00e9cnicamente controlable para brindar un conocimiento restringido s\u00f3lo a los Titulares o terceros autorizados conforme a la ley;<\/li>\n\n<li>Principio de seguridad: La informaci\u00f3n sujeta a Tratamiento por el Responsable del Tratamiento o Encargado del Tratamiento se deber\u00e1 manejar con las medidas t\u00e9cnicas, humanas y administrativas que sean necesarias para otorgar seguridad a los registros evitando su adulteraci\u00f3n, p\u00e9rdida, consulta, uso o acceso no autorizado o fraudulento;<\/li>\n\n<li>Principio de confidencialidad: Todas las personas que intervengan en el Tratamiento de datos personales que no tengan la naturaleza de p\u00fablicos est\u00e1n obligadas a garantizar la reserva de la informaci\u00f3n, inclusive despu\u00e9s de finalizada su relaci\u00f3n con alguna de las labores que comprende el Tratamiento, pudiendo s\u00f3lo realizar suministro o comunicaci\u00f3n de datos personales cuando ello corresponda al desarrollo de las actividades autorizadas en la ley y en los t\u00e9rminos de la misma.<\/li><\/ul><p><strong>Contenido de las bases de datos: &nbsp;<\/strong>En las bases de datos de ECOSIEMBRA se almacena informaci\u00f3n general como nombre completo n\u00famero y tipo de identificaci\u00f3n y datos de contacto (correo electr\u00f3nico, direcci\u00f3n f\u00edsica, tel\u00e9fono fijo y m\u00f3vil). En adici\u00f3n a estos, y dependiendo de la naturaleza de la base de datos, la compa\u00f1\u00eda puede tener datos espec\u00edficos requeridos para el tratamiento al que ser\u00e1n sometidos los datos.<\/p><p>En las bases de datos de empleados y contratistas se incluye, adicionalmente informaci\u00f3n sobre la historia laboral y acad\u00e9mica, datos sensibles requeridos por la naturaleza de la relaci\u00f3n laboral (fotograf\u00eda, conformaci\u00f3n del grupo familiar, datos biom\u00e9tricos). En las bases de datos se podr\u00e1 almacenar informaci\u00f3n sensible con previa autorizaci\u00f3n de su titular, en cumplimiento de lo establecido en los art\u00edculos 5 y 7 de la ley 1581 de 2012.<\/p><p><strong>Finalidad de la recolecci\u00f3n de Informaci\u00f3n: <\/strong>La informaci\u00f3n personal de los Clientes o Clientes Potenciales podr\u00e1 ser tratada de conformidad con las siguientes finalidades:&nbsp;<\/p><ul class=\"wp-block-list\"><li>Finalidades Comerciales: Desarrollar actividades comerciales y de mercadeo, tales como: an\u00e1lisis de consumo; perfilamiento, publicidad, y promociones; programas de fidelizaci\u00f3n de clientes; investigaci\u00f3n de mercado; generaci\u00f3n de campa\u00f1as y eventos de la marca.<\/li>\n\n<li>&nbsp;Finalidades de Servicio: Notificar pedidos, despachos o eventos conexos a los productos o servicios que compre o se contrate, realizar Encuestas de Satisfacci\u00f3n. Hacer uso dentro del marco de la relaci\u00f3n contractual y\/o comercial de la informaci\u00f3n personal, im\u00e1genes y\/o datos biom\u00e9tricos tales como, pero sin limitarse a huellas dactilares, fotograf\u00edas, videograbaciones etc.<\/li>\n\n<li>Finalidades de An\u00e1lisis y Operativas: Llevar a cabo an\u00e1lisis estad\u00edsticos, facturaci\u00f3n, ofrecimiento y\/o reconocimiento de beneficios,&nbsp;telemercadeo&nbsp;y cobranzas. &nbsp;<\/li><\/ul><p>La Informaci\u00f3n personal de candidatos, empleados y contratistas de ECOSIEMBRA SAS podr\u00e1 ser tratada de conformidad las siguientes finalidades:<\/p><ul class=\"wp-block-list\"><li>Finalidad de proceso de selecci\u00f3n: Evaluar su idoneidad y\/o eventual contrataci\u00f3n; verificar y confirmar la veracidad de la informaci\u00f3n incluida en la hoja de vida y en cualquier otro documento o informaci\u00f3n entregada a la Compa\u00f1\u00eda;&nbsp; Realizar estudios de seguridad del candidato, incluyendo consultar antecedentes judiciales; Conformaci\u00f3n de la base de datos de candidatos para futuras contrataciones; Comunicaci\u00f3n del proceso de selecci\u00f3n; solicitar soportes correspondientes a la hoja de vida, ex\u00e1menes m\u00e9dicos, pruebas sicot\u00e9cnicas y cualquier otro que se requiera durante el proceso de selecci\u00f3n o vigencia de la contrataci\u00f3n, de conformidad con el cumplimiento de la ley.<\/li><\/ul><p><strong>Derechos de los titulares de la Informaci\u00f3n:&nbsp; <\/strong>De conformidad con lo previsto en el art\u00edculo 8 de la ley 1581 de 2012, los titulares podr\u00e1n conocer, actualizar y rectificar sus datos personales frente a la compa\u00f1\u00eda.<\/p><p>Este derecho se podr\u00e1 ejercer, entre otros frente a datos parciales, inexactos, incompletos, fraccionados, que induzcan a error, o aquellos cuyo Tratamiento est\u00e9 expresamente prohibido o no haya sido autorizado. \u00a0Igualmente, ser informado de forma anticipada por la compa\u00f1\u00eda o el Encargado,  respecto del uso de sus datos personales.<\/p><p>El titular podr\u00e1 presentar ante la Superintendencia de Industria y Comercio quejas por infracciones a lo dispuesto en la ley y las dem\u00e1s normas que la modifiquen, adicionen o complementen; Revocar la autorizaci\u00f3n y\/o solicitar la supresi\u00f3n del dato cuando en el Tratamiento no se respeten los principios, derechos y garant\u00edas constitucionales y legales. La revocatoria y\/o supresi\u00f3n proceder\u00e1 cuando la Superintendencia de Industria y Comercio haya determinado que la ENTIDAD o el Encargado ha incurrido en conductas contrarias a esta ley y a la Constituci\u00f3n.<\/p><p><strong>Deberes de Ecosiembra frente al uso de los Datos<\/strong><\/p><p>La Compa\u00f1\u00eda podr\u00e1 recolectar datos personales y autorizaciones para el tratamiento de datos en nombre de ECOSIEMBRA SAS en los casos mencionados con antelaci\u00f3n, cuando obre como Encargado, estar\u00e1 obligado a cumplir con los siguientes deberes:<\/p><ul class=\"wp-block-list\"><li>ECOSIEMBRA SAS se obliga a garantizar al Titular, en todo tiempo, el pleno y efectivo ejercicio del derecho de h\u00e1beas data; Realizar el Tratamiento para los prop\u00f3sitos que sean objeto del Encargo, respetando las finalidades autorizadas por los Titulares; Tramitar las consultas y los reclamos formulados por los Titulares en los t\u00e9rminos se\u00f1alados en la presente Pol\u00edtica.<\/li>\n\n<li>Respecto de la calidad, seguridad y confidencialidad de los Datos Personales: Conservar la integridad y precisi\u00f3n de los Datos Personales bajo las condiciones de seguridad necesarias para impedir su adulteraci\u00f3n, p\u00e9rdida, consulta, uso o acceso no autorizado o fraudulento; Realizar oportunamente la actualizaci\u00f3n, rectificaci\u00f3n o supresi\u00f3n de los datos; Permitir el acceso a la informaci\u00f3n \u00fanicamente a las personas autorizadas por el Titular o facultadas por la ley para el efecto.<\/li>\n\n<li>Respecto de la Superintendencia de Industria y Comercio: Informar a la Superintendencia de Industria y Comercio cuando se presenten violaciones a los c\u00f3digos de seguridad y existan riesgos en la administraci\u00f3n de la informaci\u00f3n de los Titulares.; Cumplir las instrucciones y requerimientos que imparta la Superintendencia de Industria y Comercio.<\/li><\/ul><p><strong>Datos de contacto<\/strong><\/p><ul class=\"wp-block-list\"><li>ECOSIEMBRA S.A.S<\/li>\n\n<li>Calle 80 sur # 47D &#8211; 88<\/li>\n\n<li><a href=\"mailto:Contacto@ecosiembra.co\">Contacto@ecosiembra.co<\/a><\/li>\n\n<li>WhatsApp 314410234<\/li><\/ul><p><\/p>","protected":false},"excerpt":{"rendered":"<p>El objetivo de la presente Pol\u00edtica es garantizar el adecuado cumplimiento de la Ley 1581 de 2012 y el Decreto 1377 de 2013, junto con las medidas t\u00e9cnicas, humanas y administrativas implementadas, as\u00ed como la definici\u00f3n de los lineamientos para la atenci\u00f3n de consultas y reclamos de los Titulares de los Datos Personales sobre los &hellip; <\/p>\n<p class=\"link-more\"><a href=\"https:\/\/ecosiembra.co\/?page_id=3&#038;lang=es\" class=\"more-link\">Leer m\u00e1s<span class=\"screen-reader-text\"> \u00abPol\u00edtica de Tratamiento de Datos\u00bb<\/span><\/a><\/p>\n","protected":false},"author":1,"featured_media":0,"parent":0,"menu_order":0,"comment_status":"closed","ping_status":"open","template":"","meta":{"om_disable_all_campaigns":false,"_monsterinsights_skip_tracking":false,"_monsterinsights_sitenote_active":false,"_monsterinsights_sitenote_note":"","_monsterinsights_sitenote_category":0,"footnotes":""},"class_list":["post-3","page","type-page","status-publish","hentry"],"jetpack_sharing_enabled":true,"_links":{"self":[{"href":"https:\/\/ecosiembra.co\/index.php?rest_route=\/wp\/v2\/pages\/3"}],"collection":[{"href":"https:\/\/ecosiembra.co\/index.php?rest_route=\/wp\/v2\/pages"}],"about":[{"href":"https:\/\/ecosiembra.co\/index.php?rest_route=\/wp\/v2\/types\/page"}],"author":[{"embeddable":true,"href":"https:\/\/ecosiembra.co\/index.php?rest_route=\/wp\/v2\/users\/1"}],"replies":[{"embeddable":true,"href":"https:\/\/ecosiembra.co\/index.php?rest_route=%2Fwp%2Fv2%2Fcomments&post=3"}],"version-history":[{"count":3,"href":"https:\/\/ecosiembra.co\/index.php?rest_route=\/wp\/v2\/pages\/3\/revisions"}],"predecessor-version":[{"id":895,"href":"https:\/\/ecosiembra.co\/index.php?rest_route=\/wp\/v2\/pages\/3\/revisions\/895"}],"wp:attachment":[{"href":"https:\/\/ecosiembra.co\/index.php?rest_route=%2Fwp%2Fv2%2Fmedia&parent=3"}],"curies":[{"name":"wp","href":"https:\/\/api.w.org\/{rel}","templated":true}]}}